is the millions digit of 5965743?
5
What is the ten thousands digit of 4073077?
7
What is the units digit of 261317?
7
What is the ten thousands digit of 2130194?
3
What is the units digit of 1377871?
1
What is the tens digit of 216669?
6
What is the units digit of 262587?
7
What is the thousands digit of 7609212?
9
What is the hundred thousands digit of 2948009?
9
What is the thousands digit of 155859?
5
What is the units digit of 33162?
2
What is the hundred thousands digit of 368840?
3
What is the thousands digit of 207197?
7
What is the hundreds digit of 1433528?
5
What is the units digit of 11902553?
3
What is the thousands digit of 95814?
5
What is the thousands digit of 818595?
8
What is the ten thousands digit of 548259?
4
What is the ten thousands digit of 1394307?
9
What is the hundred thousands digit of 729612?
7
What is the hundreds digit of 509893?
8
What is the thousands digit of 4702702?
2
What is the millions digit of 1265127?
1
What is the thousands digit of 7832466?
2
What is the ten millions digit of 33475401?
3
What is the millions digit of 2297104?
2
What is the hundred thousands digit of 361434?
3
What is the millions digit of 4301072?
4
What is the hundreds digit of 1515374?
3
What is the units digit of 47456?
6
What is the hundreds digit of 68771?
7
What is the tens digit of 279359?
5
What is the hundreds digit of 5608?
6
What is the thousands digit of 1244044?
4
What is the hundreds digit of 417897?
8
What is the tens digit of 13539666?
6
What is the tens digit of 3141700?
0
What is the ten thousands digit of 2072136?
7
What is the units digit of 8257612?
2
What is the hundreds digit of 1949000?
0
What is the tens digit of 499699?
9
What is the tens digit of 728528?
2
What is the tens digit of 3278128?
2
What is the hundred thousands digit of 546998?
5
What is the hundred thousands digit of 3741351?
7
What is the ten thousands digit of 33400579?
0
What is the millions digit of 1128045?
1
What is the units digit of 60817?
7
What is the hundreds digit of 248886?
8
What is the hundreds digit of 580969?
9
What is the tens digit of 294324?
2
What is the hundreds digit of 1176517?
5
What is the tens digit of 36867128?
2
What is the ten thousands digit of 6574927?
7
What is the units digit of 19764?
4
What is the thousands digit of 1480240?
0
What is the millions digit of 44324631?
4
What is the ten millions digit of 18740641?
1
What is the thousands digit of 132383?
2
What is the units digit of 1077401?
1
What is the ten thousands digit of 1426720?
2
What is the tens digit of 2488254?
5
What is the units digit of 955185?
5
What is the thousands digit of 3189678?
9
What is the tens digit of 14662294?
9
What is the millions digit of 17291613?
7
What is the hundreds digit of 2731747?
7
What is the hundred thousands digit of 7050069?
0
What is the units digit of 503950?
0
What is the hundred thousands digit of 223316?
2
What is the thousands digit of 3166657?
6
What is the millions digit of 1920651?
1
What is the units digit of 7490148?
8
What is the thousands digit of 2721962?
1
What is the units digit of 2449631?
1
What is the ten thousands digit of 136082?
3
What is the hundreds digit of 281334?
3
What is the tens digit of 5718?
1
What is the thousands digit of 255274?
5
What is the tens digit of 744086?
8
What is the tens digit of 8324346?
4
What is the hundred thousands digit of 3530514?
5
What is the hundreds digit of 8137231?
2
What is the thousands digit of 1062650?
2
What is the ten thousands digit of 72654?
7
What is the tens digit of 8641948?
4
What is the units digit of 7308739?
9
What is the tens digit of 374051?
5
What is the hundred thousands digit of 924396?
9
What is the ten thousands digit of 463566?
6
What is the ten thousands digit of 23250?
2
What is the hundred thousands digit of 3193315?
1
What is the millions digit of 1759338?
1
What is the tens digit of 9742086?
8
What is the tens digit of 324991?
9
What is the ten thousands digit of 423183?
2
What is the hundred thousands digit of 12143502?
1
What is the units digit of 3271533?
3
What is the tens digit of 14610218?
1
What is the units digit of 238235?
5
What is the tens digit of 634739?
3
What is the units digit of 901678?
8
What is the millions digit of 7776644?
7
What is the hundreds digit of 14526443?
4
What is the hundreds digit of 16772038?
0
What is the ten thousands digit of 293115?
9
What is the thousands digit of 5137758?
7
What is the ten thousands digit of 605567?
0
What is the hundred thousands digit of 1442950?
4
What is the hundreds digit of 1105225?
2
What is the tens digit of 1202247?
4
What is the units digit of 7281548?
8
What is the hundreds digit of 2976294?
2
What is the thousands digit of 396844?
6
What is the hundred thousands digit of 470429?
4
What is the millions digit of 13985604?
3
What is the ten thousands digit of 7446187?
4
What is the ten millions digit of 13369353?
1
What is the ten millions digit of 19164183?
1
What is the thousands digit of 357213?
7
What is the millions digit of 2160864?
2
What is the hundreds digit of 8947080?
0
What is the units digit of 680943?
3
What is the hundred thousands digit of 751988?
7
What is the units digit of 10311438?
8
What is the tens digit of 557153?
5
What is the ten thousands digit of 9416173?
1
What is the ten millions digit of 29504509?
2
What is the thousands digit of 125465?
5
What is the ten thousands digit of 44363?
4
What is the units digit of 18359?
9
What is the hundreds digit of 343556?
5
What is the units digit of 33908?
8
What is the hundred thousands digit of 108898?
1
What is the ten thousands digit of 6941914?
4
What is the tens digit of 96336?
3
What is the units digit of 3975500?
0
What is the millions digit of 7146652?
7
What is the hundreds digit of 167490?
4
What is the millions digit of 2643047?
2
What is the thousands digit of 7735935?
5
What is the tens digit of 2692892?
9
What is the tens digit of 7973035?
3
What is the ten thousands digit of 377421?
7
What is the ten thousands digit of 2596755?
9
What is the hundreds digit of 807078?
0
What is the units digit of 345072?
2
What is the hundreds digit of 582900?
9
What is the ten thousands digit of 701530?
0
What is the units digit of 32495968?
8
What is the ten thousands digit of 847291?
4
What is the thousands digit of 13404697?
4
What is the hundreds digit of 48752?
7
What is the units digit of 4018971?
1
What is the thousands digit of 197732?
7
What is the hundred thousands digit of 1001641?
0
What is the ten thousands digit of 579139?
7
What is the tens digit of 107539?
3
What is the hundred thousands digit of 231492?
2
What is the tens digit of 15581718?
1
What is the hundred thousands digit of 468180?
4
What is the thousands digit of 501495?
1
What is the tens digit of 4147958?
5
What is the millions digit of 5816087?
5
What is the hundred thousands digit of 239866?
2
What is the ten thousands digit of 5587136?
8
What is the units digit of 11323906?
6
What is the ten thousands digit of 13931467?
3
What is the hundred thousands digit of 16830702?
8
What is the ten thousands digit of 168147?
6
What is the units digit of 1316442?
2
What is the thousands digit of 391128?
1
What is the tens digit of 2878936?
3
What is the thousands digit of 4499620?
9
What is the ten thousands digit of 52210?
5
What is the thousands digit of 76195?
6
What is the tens digit of 489854?
5
What is the hundred thousands digit of 336218?
3
What is the units digit of 48555?
5
What is the millions digit of 7013013?
7
What is the units digit of 7749846?
6
What is the thousands digit of 8676228?
6
What is the units digit of 316566?
6
What is the hundred thousands digit of 4861079?
8
What is the millions digit of 3392611?
3
What is the tens digit of 885830?
3
What is the hundreds digit of 29109974?
9
What is the thousands digit of 3999299?
9
What is the tens digit of 372791?
9
What is the tens digit of 314453?
5
What is the hundred thousands digit of 1575289?
5
What is the thousands digit of 302245?
2
What is the hundreds digit of 2186611?
6
What is the units digit of 2551700?
0
What is the thousands digit of 13486705?
6
What is the ten thousands digit of 996960?
9
What is the tens digit of 17653?
5
What is the units digit of 148